Suppose -6*n + 1300 = j*n. What is the highest common divisor of n and 65?
65
Let v be (285/(-4))/((-12)/(-96)). Let o be (-16*(-3)/18)/((-4)/v). Calculate the greatest common divisor of o and 20.
20
Suppose 3*r + 3*g = 2*r + 3, 5*r - 4*g + 4 = 0. Suppose r = -19*a + 257 - 67. Calculate the highest common factor of 175 and a.
5
Let v be (-47369)/56*-4 - 5/2. What is the greatest common divisor of 84 and v?
21
Let n be 40/18 - (-14)/(-63). Suppose -4*k + 35*p = 39*p - 128, n*k = -3*p + 66. Calculate the greatest common factor of 285 and k.
15
Let n(j) = j**2 + 3*j - 100. Let l be n(-19). Suppose -34*y + l = -4080. Calculate the highest common divisor of y and 90.
18
Let n(r) = -r**3 - 13*r**2 + 22*r + 474. Let l be n(-12). What is the greatest common factor of 6226 and l?
22
Suppose -29008 = -91*l + 25865. Calculate the greatest common divisor of 27 and l.
9
Let l = 732 - 708. Let d be (-9)/12*(-9 - -1). Let o be d/(-45)*-72*10. What is the highest common factor of o and l?
24
Let k(a) = -70*a + 3149. Let f be k(42). Suppose -38 = -2*t + 2*w, -w + 0*w - 95 = -5*t. Calculate the highest common factor of t and f.
19
Suppose t + 74 = 77. Suppose t*x = 12*x - 360. Calculate the highest common factor of 8 and x.
8
Let g be -10*(-16)/((-288)/(-27)). Let m(l) = 2*l**2 + 2*l + 5. Let z be m(-1). What is the greatest common divisor of z and g?
5
Let z be (-22)/(-6) + (15/3)/15. Suppose 2588 = 4*n + z*s, 2*n + s = -2*n + 2582. Let l be (-39)/(-52) + n/4. Calculate the greatest common factor of l and 18.
18
Suppose 1998 = 6*n + 708. Suppose -103 = 5*u - 4*x - 486, 3*u + 5*x = n. Calculate the highest common factor of u and 25.
25
Let t(x) = -8*x + x**2 + 61 + 2*x**2 + 0*x**2 - 4*x**2. Let b be t(-12). Calculate the highest common factor of 26 and b.
13
Suppose 2*t - 4 = 4*f, -5*f - 14 = -5*t + 1. Suppose -t*q - 88 = -8*q. What is the highest common divisor of 22 and q?
22
Let m(r) = 119*r**3. Let o be m(-1). Let n = o - -128. Let c(z) = -z**2 + 18*z. Let f be c(15). What is the greatest common divisor of f and n?
9
Suppose -84 = -3*i - 0*i. Let w be 35/42*(-32)/20*-168. Calculate the greatest common factor of i and w.
28
Suppose 8760 = 265*h + 47*h + 126*h. Let t be (-214)/(-6) - (-4)/12. What is the highest common divisor of t and h?
4
Suppose 12*t = 8*t + 20. Suppose 2*f = h - 13, t*h + 0*h - 3*f = 51. Let j(p) = 9*p + 63. Let i be j(5). Calculate the highest common divisor of i and h.
9
Suppose -4*q - q = -1980. Let d = -17372 - -17460. Calculate the greatest common divisor of d and q.
44
Suppose 36 = -6*r + 4*r. Suppose -18 + 6 = 4*s - 4*d, -4*s + 9 = 3*d. Let u be (s - r)/((-18)/(-12)). What is the greatest common factor of u and 60?
12
Let h be 44/(-14)*(-91)/26. Let m = 103 - h. What is the highest common divisor of 460 and m?
92
Suppose -135 = 2*d + 4*s - 7*s, -3*s - 15 = 0. Let z = 108 + d. Calculate the highest common divisor of z and 88.
11
Let q(t) = 5*t - 31. Let d be 3/(6/(-10)) - -6 - -10. Let f be q(d). Calculate the greatest common factor of f and 54.
6
Let f = -5647 - -5657. What is the greatest common divisor of 16460 and f?
10
Suppose 4*w - s - 9515 = 0, 3278 = 2*w + 4*s - 1466. What is the highest common divisor of w and 82?
82
Let a(p) = p**2 + 5*p + 4. Let t be a(-5). Suppose v - t = -v. Suppose -r = -5, 542 = 2*q - v*r + 6*r. What is the greatest common divisor of q and 29?
29
Suppose n - 171 = -23. Suppose -268 - n = -8*t. What is the greatest common factor of t and 65?
13
Suppose 13*w = 9*w - 120. Let i(c) = -4*c - 85. Let o be i(w). What is the highest common divisor of 175 and o?
35
Let s(d) be the third derivative of -d**6/120 + d**5/15 + d**4/12 + 5*d**3/2 - 58*d**2. Let l be s(3). Calculate the greatest common factor of 50 and l.
10
Let w(c) = -2*c**3 - 6*c**2 + 4*c + 14. Let z be w(4). Let p = -171 - z. What is the highest common divisor of p and 161?
23
Let q(v) be the first derivative of -v**4/2 + 2*v**3 + 22*v**2 + 8*v - 330. Let d be q(-7). Calculate the highest common factor of d and 40.
40
Suppose 13*r - 18*r + 70 = 0. Suppose 89 = -21*b + 280 + 103. Calculate the highest common factor of r and b.
14
Suppose 17*d - 24 = 5*d. Let m(o) = 10*o**3 - 9*o**2 + 19*o - 2. Let l be m(d). Calculate the highest common factor of l and 10.
10
Suppose -d - 4*w - 152 = d, -4*d + 4*w - 256 = 0. Let k = d - -65. Let u(b) = 2*b**2 - 4*b - 16. Let z be u(k). What is the greatest common factor of 49 and z?
7
Let r = 4549 - 3679. What is the highest common factor of r and 2784?
174
Suppose 3*i + 0*p - 1792 = -p, -2*i - p = -1196. Let m = i + -220. What is the greatest common factor of 47 and m?
47
Let u = -439 - -512. Suppose -17*j - u = -141. What is the highest common factor of 116 and j?
4
Suppose -19*v + 9*v + 4975 = 189*v. Calculate the greatest common factor of 925 and v.
25
Let v = -199 + 206. Suppose 0 = -v*z + 3694 + 2270. What is the greatest common divisor of 71 and z?
71
Let b(l) = 176*l**2 + l - 1. Let n be b(1). Suppose -2*z + 3*f + 2 = 0, 5*z - 70 = -226*f + 227*f. What is the highest common factor of z and n?
16
Suppose 4*o - 5*v + 34 - 43 = 0, -4*o - 1 = 5*v. What is the greatest common divisor of 191 and o?
1
Let z(i) = i**2 - 23*i - 581. Let p be z(-37). Calculate the greatest common factor of p and 55.
11
Suppose -5*r = 336 - 1601. Let s(l) = 2*l - 5. Let b be s(2). Let w be 2/(9 + b) + (-2184)/(-96). Calculate the highest common divisor of r and w.
23
Suppose -3*f = m - 1290, 631 + 647 = 3*f + 3*m. Calculate the greatest common divisor of f and 5328.
144
Let p = 153 + 124. Suppose 5*h - 278 = -5*y + 8*h, 0 = -5*y + 2*h + p. What is the highest common factor of y and 44?
11
Let f(i) = -i**3 - 3*i**2 - i - 8. Suppose 8*y - 3*y + 4*k + 4 = 0, y + 3*k = 8. Let u be f(y). What is the greatest common divisor of u and 48?
12
Let r be 798/(-70)*(-460)/12. What is the greatest common factor of r and 46?
23
Suppose -b = 2*s - 5004, 0 = 4*b - 6*b + 4*s + 9984. Calculate the highest common factor of 102 and b.
102
Let y be -1*2*9/6. Let j be (-4)/((-3)/((-18)/y)). Let z = -3070 - -3078. What is the highest common divisor of z and j?
8
Let b(x) = 3*x**2 + 39*x + 31. Let d be b(-20). Suppose 5*n - 254 = d. What is the highest common factor of 3 and n?
3
Let j = -35 + 42. Let h = j - -1. What is the highest common divisor of h and 4?
4
Suppose 0 = -9*s + 2041 + 209. Let z = 404 - s. What is the greatest common factor of z and 44?
22
Let x = 21 - 15. Let y(w) = -4 - 1 + 5*w**2 - 53*w - 8. Let t be y(11). Calculate the highest common factor of t and x.
3
Suppose 2*k = -5*n + 6203, 3*n + 11*k - 6*k = 3737. Calculate the highest common divisor of n and 21.
21
Suppose -7*o - 512 = -5*b, 7*b + 3*o + 204 = 9*b. What is the greatest common divisor of 1071 and b?
9
Let q(z) = 1250*z**2. Let v be q(-1). Calculate the greatest common divisor of v and 120.
10
Let v = -5478 - -5798. Calculate the highest common divisor of v and 410.
10
Let y(f) be the first derivative of f**2/2 + 14*f + 70. Let l be y(7). Calculate the greatest common factor of l and 28.
7
Let q(u) = u**3 + 8*u**2 - 21*u - 31. Let v be q(-9). Calculate the highest common divisor of v and 35.
7
Let t be -46*9/(-2) + -2. Let n be (82/(-2)*-1)/((-6)/12 - -1). Calculate the highest common factor of t and n.
41
Let f = -206 + 225. Suppose -3*h = -h - 10. Suppose -f = -q + h*k - 4*k, 34 = 2*q - k. Calculate the highest common divisor of 165 and q.
15
Let b be 8/10*(-2 - 3). Let p be 1/(8/(-6))*b. Suppose 74*c - 162 = 56*c. Calculate the highest common divisor of p and c.
3
Suppose 4*o - 5*d + 1606 = -2*d, o = 4*d - 395. Let a be (-122)/(-31) + (-26)/o. What is the highest common divisor of a and 20?
4
Let q(x) be the first derivative of x**3/3 + x**2 + 5*x - 143. Let c be q(5). Calculate the greatest common factor of 60 and c.
20
Suppose -140 = -2*v - 2*u, -2*u - 139 = -2*v - 5*u. Let p = -68 + v. Let c be 5*p*(-3)/(3/(-1)). What is the greatest common factor of 30 and c?
15
Let c(n) = -4*n + 108. Let q be c(-33). Calculate the greatest common divisor of 1710 and q.
30
Let r(o) = o**3 + 7*o**2 - 9*o - 9. Let q be r(3). Calculate the greatest common factor of q and 654.
6
Let m(g) = 23*g**2 - 14*g + 17. Let y be m(2). Suppose 5*k = 197 - 107. What is the highest common divisor of 